what is -107361 - -130?
-107231
In base 16, what is -3 + 7f75002?
7f74fff
In base 9, what is 285448747 + 2?
285448750
In base 16, what is -6a75 + 2b1?
-67c4
In base 12, what is -81 + -20690?
-20751
In base 6, what is 125244 + 252?
125540
In base 2, what is 100100 - -10010111111100?
10011000100000
In base 16, what is e715f6 + -1?
e715f5
In base 15, what is 842bcca + 3?
842bccd
In base 4, what is -313 + -13212322031?
-13212323010
In base 9, what is -48605761 + -4?
-48605765
In base 5, what is -1304140 - -2400?
-1301240
In base 4, what is 110222212100 - 10?
110222212030
In base 15, what is -202 - -66?
-18b
In base 14, what is -153 - 16cba2?
-16cd15
In base 6, what is 3100401 - -10?
3100411
In base 15, what is -2675 - 1d35?
-44aa
In base 6, what is 20202351 - -12?
20202403
In base 3, what is 22 - -10001101122220?
10001101200012
In base 8, what is 2354024 + 25?
2354051
In base 10, what is -25 + 980325?
980300
In base 15, what is -4 - -2717d0?
2717cb
In base 6, what is -205141335 - -132?
-205141203
In base 15, what is -be - e616?
-e6d5
In base 12, what is -1 - 66333766?
-66333767
In base 14, what is -4 + 36b7103?
36b70dd
In base 3, what is 2 - -1111121222222?
1111122000001
In base 14, what is -d2b - 113bb?
-12308
In base 11, what is 332 + 143334?
143666
In base 12, what is 75a + -10414?
-b876
In base 3, what is 10020122 - 2121111?
122011
In base 7, what is -54 + 2030515?
2030431
In base 9, what is 16 + 10476367?
10476384
In base 11, what is 18249 - 472?
17887
In base 6, what is 1 + -1452412333?
-1452412332
In base 16, what is -4b47 + -6f0?
-5237
In base 7, what is 3114106 + -463?
3113313
In base 9, what is 54 + -16881163?
-16881108
In base 7, what is -2435 - -161642?
156204
In base 3, what is 110110 + -1001011220020?
-1001011102210
In base 10, what is 36448720 - -2?
36448722
In base 9, what is 6022 - 5811?
111
In base 15, what is 118c - 14ccb?
-13b3e
In base 8, what is 12617637 - -2?
12617641
In base 10, what is 2 - 28067255?
-28067253
In base 6, what is 1 - 423145330?
-423145325
In base 2, what is -1011101100101100011011110 - -1?
-1011101100101100011011101
In base 8, what is 11 + -2522012?
-2522001
In base 7, what is 12146564 - 354?
12146210
In base 3, what is 10000201002000 + 10?
10000201002010
In base 9, what is 11181005 + -4?
11181001
In base 9, what is 11134 + -24687?
-13553
In base 13, what is -2 + -420c99b?
-420c9a0
In base 7, what is 155031222 - 0?
155031222
In base 16, what is -19 - -110989?
110970
In base 15, what is e + -4ee339?
-4ee32a
In base 16, what is -b + -1b15e8?
-1b15f3
In base 10, what is 2852680 + -133?
2852547
In base 6, what is 14020031534 - -5?
14020031543
In base 11, what is -4 - 441aa19?
-441aa22
In base 4, what is -1102213222112 - 13?
-1102213222131
In base 12, what is 49b387 - -5?
49b390
In base 7, what is 552564 + 102?
552666
In base 12, what is 445a79 + -11?
445a68
In base 7, what is 5644 + -436214?
-430240
In base 14, what is 3424ad7 + 6?
3424add
In base 4, what is -2103111 + -303110?
-3012221
In base 6, what is 13151 - 30041?
-12450
In base 13, what is 132a433 - -38?
132a46b
In base 12, what is 6 - b9484?
-b947a
In base 10, what is -4580140 - -19?
-4580121
In base 16, what is 4 + 1baf64?
1baf68
In base 12, what is -309 + 15ab62?
15a855
In base 11, what is -3051a22 - 26?
-3051a48
In base 10, what is 13463 - -607?
14070
In base 13, what is 486 - -c3c28?
c43b1
In base 7, what is 12 + -11344335?
-11344323
In base 3, what is -1212120200202 - -1210?
-1212120121222
In base 7, what is -252646 - -216?
-252430
In base 3, what is 221010011101200022 + -12?
221010011101200010
In base 5, what is 4 - -141314433101?
141314433110
In base 3, what is -100220000 + 100120001?
-22222
In base 12, what is 169a202 + 1b?
169a221
In base 10, what is -1417282 - 124?
-1417406
In base 16, what is -35 - cd0c5?
-cd0fa
In base 11, what is 206 + -18902?
-186a7
In base 10, what is -18324142 + -12?
-18324154
In base 16, what is 179 + -42a3fc?
-42a283
In base 3, what is -2012211000121 - -11120?
-2012210212001
In base 16, what is 5 - 24823f?
-24823a
In base 12, what is -5 + 19878a9?
19878a4
In base 14, what is -1b306a6 - -4?
-1b306a2
In base 16, what is 2cb972 - 1?
2cb971
In base 8, what is -4426373660 + 4?
-4426373654
In base 10, what is -3934 + 5021?
1087
In base 14, what is 5286d8 + 6?
528700
In base 4, what is 123 - 310310320121?
-310310313332
In base 5, what is 4 - -44121313243?
44121313302
In base 3, what is -11 + 20001202122121010?
20001202122120222
In base 12, what is 6918 - 3b4?
6524
In base 16, what is 1891fb3 - 41?
1891f72
In base 12, what is -600a059 + 13?
-600a046
In base 6, what is 530 - -12212232?
12213202
In base 16, what is -1 + -c18a5?
-c18a6
In base 4, what is -30223110132 + 0?
-30223110132
In base 2, what is 11001 + -101000000011110100001?
-101000000011110001000
In base 15, what is 5ebd - 665?
5858
In base 11, what is 31a7aa2 + a?
31a8001
In base 14, what is 4a14252 - -3?
4a14255
In base 4, what is 32020200133 - 1123?
32020133010
In base 15, what is -176 + 1b925d?
1b90d7
In base 8, what is 2675561 - 10?
2675551
In base 12, what is -4a64 - 554?
-53b8
In base 12, what is -277a6 + -356?
-27b40
In base 13, what is -23 + 9c3690?
9c366a
In base 6, what is 410103 - -110?
410213
In base 4, what is -11 - -212233233002?
212233232331
In base 5, what is 11032432 - 211?
11032221
In base 5, what is -30234 + 340020?
304231
In base 16, what is -172 - 562?
-6d4
In base 5, what is 1201021 - 102431?
1043040
In base 9, what is 34028 + -3667?
30251
In base 10, what is 48 + 123011?
123059
In base 9, what is 30 + 3273571?
3273611
In base 15, what is 1595c8 + -3?
1595c5
In base 3, what is -2 + 10221020102200?
10221020102121
In base 10, what is -213 + -292507?
-292720
In base 9, what is -1165 - 2340?
-3515
In base 3, what is 11000101001 + 22221?
11000200222
In base 11, what is 36a92 - 1988?
35105
In base 4, what is 120 - -100011220330?
100011221110
In base 10, what is -645943 - 515?
-646458
In base 14, what is -d89 + -354?
-12dd
In base 6, what is -44055 - 22330?
-110425
In base 6, what is 230043242 + -4?
230043234
In base 10, what is 109505761 + 2?
109505763
In base 9, what is 7884523 - -3?
7884526
In base 2, what is -1 + 11111000011010110111?
11111000011010110110
In base 3, what is 1100112002121 - -1200?
1100112011021
In base 10, what is 0 + -32732987?
-32732987
In base 3, what is 222 - 100011211221100?
-100011211220101
In base 3, what is 210222 + 1121022?
2102021
In base 16, what is -5 + -2829b90?
-2829b95
In base 13, what is 77 + 2a533?
2a5aa
In base 2, what is -1 + 10010100111101000100?
10010100111101000011
In base 11, what is 2285a - -1062a?
33389
In base 9, what is -2226484 - -83?
-2226401
In base 13, what is 674 + b05?
1479
In base 12, what is 908 + -34040?
-33334
In base 11, what is -214863 - -14?
-21484a
In base 14, what is 5d136 + 1d?
5d155
In base 6, what is 212 + -102240?
-102024
In base 11, what is -3272310 - 4?
-3272314
In base 8, what is -2 - -225712334?
225712332
In base 13, what is -2079cc8 - -16?
-2079cb2
In base 15, what is -26 + -be94e?
-be975
In base 6, what is 22535224 + -104?
22535120
In base 5, what is -20322120200 - 114?
-20322120314
In base 15, what is -5 + -a55bc29?
-a55bc2e
In base 5, what is 44 - 11424040?
-11423441
In base 15, what is 1818 + 886?
219e
In base 4, what is 1301 - -1010202030?
1010203331
In base 3, what is 22 - -10002111011100?
10002111011122
In base 11, what is 4 + a5a566?
a5a56a
In base 14, what is 2540196 - 3?
2540193
In base 3, what is -1101221201122210002 + 1?
-1101221201122210001
In base 7, what is -143 + 13112620?
13112444
In base 4, what is -20 + 2102122313?
2102122233
In base 11, what is -85 + -56636?
-56710
In base 8, what is -1115035 + 0?
-1115035
In base 16, what is -2f - 13ed?
-141c
In base 12, what is -19330 + 1837?
-176b5
In base 6, what is 1102 + 51402?
52504
In base 16, what is 87d + 188d2?
1914f
In base 5, what is -310011301 - 10404?
-310022210
In base 4, what is 1321320333213 - 10?
1321320333203
In base 16, what is -ef4b + -1de?
-f129
In base 9, what is -115211 + 555?
-114545
In base 2, what is 1010111111100011100111 - 101?
1010111111100011100010
In base 13, what is 1b17 - 1859?
28b
In base 13, what is -307b - 8253?
-b301
In base 6, what is -2351553 - 22?
-2352015
In base 8, what is 612240472 